What is n(6)?
-52
Let n(g) = -g**2 + 2*g + 6. Calculate n(6).
-18
Let n(u) = -u**3 + 8*u**2 - 21. Determine n(7).
28
Let k(f) = 17*f - 7. Give k(6).
95
Let t(q) = -q**2 + 3*q - 48. What is t(0)?
-48
Let u(m) = -m**2 - 11*m - 1. Determine u(-8).
23
Let k(r) = r**3 + 7*r**2 - 12*r + 51. What is k(-9)?
-3
Let t(z) = -59*z**2. What is t(1)?
-59
Let o(b) = 28*b - 5. Calculate o(1).
23
Let w(d) = 6*d - 103. Determine w(11).
-37
Let v(s) = 4*s**3 - 2*s + 4. Determine v(0).
4
Let f(n) = -n**2 - 5*n + 48. What is f(6)?
-18
Let g(l) = 4*l + 7. Give g(6).
31
Let x(g) = 56*g**2 + 7*g - 9. Calculate x(1).
54
Let z(v) = 7*v - 24. What is z(4)?
4
Let n(f) = -f**3 - 12*f**2 - 8. What is n(-12)?
-8
Let o(y) = -4*y - 22. What is o(-9)?
14
Let r(m) = -m**3 - 11*m**2 + 11*m - 14. Determine r(-12).
-2
Let p(z) = -z**2 + 4*z + 1. Give p(4).
1
Let c(d) = -d**3 - 12*d**2 - 16*d + 47. Determine c(-10).
7
Let p(t) = -3*t - 13. Determine p(14).
-55
Let a(p) = -p**3 + 10*p**2 - 9*p - 8. Calculate a(9).
-8
Let w(k) = -30*k + 9. What is w(1)?
-21
Let h(y) = -y**2 - 5. What is h(6)?
-41
Let i(t) = -12*t + 37. What is i(4)?
-11
Let g(o) = o**3 - 6*o**2 + 4*o + 1. Give g(3).
-14
Let o(i) = i**2 - 4*i - 15. What is o(5)?
-10
Let m(d) = -d**3 + 6*d**2 - 4*d. Determine m(4).
16
Let o(k) = -2*k**3 - 6*k**2 + 5*k + 3. Determine o(-4).
15
Let a(p) = -p**2 - 3*p + 3. Give a(-3).
3
Let h(o) = 4*o**2 + 25*o - 73. Calculate h(3).
38
Let t(b) = 6*b - 1. What is t(3)?
17
Let o(k) = k**3 + 8*k**2 - 3*k - 7. Determine o(-8).
17
Let n(c) = -2*c + 42. Determine n(18).
6
Let o(b) = 34*b + 82. Determine o(-2).
14
Let p(u) = 7*u**2 + 4*u + 2. Calculate p(-2).
22
Let c(p) = -5*p**3 + p**2 - p - 1. What is c(1)?
-6
Let m(o) = -o**3 + 25*o**2 - 48*o + 22. What is m(23)?
-24
Let h(q) = q**3 + 6*q**2 - 4*q + 5. Determine h(-6).
29
Let x(s) = -6*s + 17. Give x(6).
-19
Let n(s) = s**3 - 61*s**2. What is n(61)?
0
Let x(j) = 3*j + 19. Calculate x(-6).
1
Let h(r) = r - 1. Calculate h(-13).
-14
Let h(c) = 2*c + 34. Calculate h(-18).
-2
Let n(o) = -11*o - 46. What is n(-2)?
-24
Let r(h) = 4*h - 56. Determine r(8).
-24
Let j(c) = -c**3 + 10*c**2 + c - 10. Calculate j(10).
0
Let q(x) = -4*x**3 - x**2 - 3*x + 11. Give q(2).
-31
Let j(u) = 2*u + 6. Give j(-5).
-4
Let r(c) = c**3 - 3*c**2 + 5*c - 4. Give r(2).
2
Let o(y) = -11*y - 1. What is o(1)?
-12
Let t(l) = -2*l**2 + 13*l + 23. Determine t(11).
-76
Let o(v) = v**2 + 9*v + 5. Calculate o(-9).
5
Let b(d) = -23*d - 73. Give b(-3).
-4
Let x(h) = 3*h + 31. Give x(-5).
16
Let w(o) = o**2 + 8*o - 31. What is w(3)?
2
Let s(v) = -5*v - 27. Give s(-5).
-2
Let o(n) = 16*n**3 - n**2 + 1. Determine o(1).
16
Let u(d) = d**3 - d**2 + d - 42. Calculate u(0).
-42
Let p(v) = -v**2 + 19*v - 17. Calculate p(20).
-37
Let r(w) = w**3 - 3*w**2 + 21*w - 95. Calculate r(4).
5
Let y(d) = d**2 + 29*d + 145. Determine y(-22).
-9
Let s(h) = h**2 + 3*h - 3. Determine s(-4).
1
Let u(f) = -6*f - 18. Determine u(-6).
18
Let n(f) = -f + 1. What is n(2)?
-1
Let n(t) = -t**3 - 10*t**2 - 20*t - 28. What is n(-8)?
4
Let k(d) = -d**3 - 4*d**2 - 6*d + 2. Give k(-3).
11
Let y(b) = -b**2 - 21*b - 47. Calculate y(-19).
-9
Let j(k) = k**3 + 13*k**2 + 23*k + 1. Determine j(-11).
-10
Let i(o) = -2*o**3 + o**2 + 6*o + 12. Give i(-3).
57
Let b(y) = -y**2 - 7*y - 3. Determine b(-8).
-11
Let w(j) = -j**2 + 12*j. Calculate w(9).
27
Let u(y) = y**3 + 10*y**2 - 11*y - 15. What is u(-11)?
-15
Let m(i) = -9*i**3 - 90*i**2 - 5. Determine m(-10).
-5
Let b(m) = m**3 - 13*m**2 + 11*m + 6. What is b(12)?
-6
Let j(n) = -12*n**2 + 2*n + 1. What is j(-1)?
-13
Let x(c) = -27*c - 4. What is x(-1)?
23
Let x(j) = -20*j**2 + 4*j + 3. What is x(-1)?
-21
Let y(i) = 2*i**3 - 25*i**2 + 12*i + 1. Give y(12).
1
Let j(v) = v**2 - 22*v - 460. What is j(-13)?
-5
Let d(v) = v**2 + 10*v + 9. What is d(-9)?
0
Let p(w) = -4*w + 55. What is p(18)?
-17
Let m(c) = c**2 + 5*c + 4. Give m(-4).
0
Let j(l) = l**3 + 7*l**2 + l + 15. Calculate j(-8).
-57
Let h(m) = -m**3 - 5*m**2 - 2*m - 8. Calculate h(-5).
2
Let q(z) = -z - 19. What is q(-7)?
-12
Let h(n) = n**3 + 2*n + 4. Calculate h(-3).
-29
Let n(x) = x**3 - 31*x**2 - 32*x + 10. Determine n(32).
10
Let y(f) = -f + 4. Determine y(4).
0
Let s(i) = -i**3 - 19*i**2 - 9. Determine s(-19).
-9
Let x(k) = -k**2 + 12*k - 21. Give x(10).
-1
Let g(n) = -n**3 - n**2 + n + 18. Calculate g(0).
18
Let z(h) = h**3 - 4*h**2 + 6*h - 5. Determine z(4).
19
Let j(m) = -9*m + 48. Determine j(9).
-33
Let u(i) = 3*i**2 + 8*i - 5. Give u(-3).
-2
Let b(g) = -7*g - 1. What is b(-1)?
6
Let n(s) = -s**3 + 2*s**2 + 84*s + 26. What is n(-8)?
-6
Let z(a) = 2*a**3 + 36*a**2 - 41*a + 3. What is z(-19)?
60
Let j(i) = -i**3 + 3*i**2 + 4*i + 6. Calculate j(4).
6
Let g(b) = -22*b + 1911. Determine g(87).
-3
Let u(k) = 16*k**2 - k + 1. Determine u(2).
63
Let r(v) = v**3 + 6*v**2 + 1. Give r(-6).
1
Let h(m) = -m - 15. Give h(-11).
-4
Let q(b) = 35*b + 874. What is q(-25)?
-1
Let s(j) = 10*j + 69. Determine s(-6).
9
Let u(r) = r**3 + 10*r**2 - 16*r - 39. Determine u(-12).
-135
Let l(n) = 2*n**2 + 6*n - 1. Give l(-8).
79
Let d(k) = -2*k**2 - 34*k + 31. Determine d(-18).
-5
Let g(s) = -10*s - 95. Determine g(-11).
15
Let o(l) = 16*l - 18. What is o(2)?
14
Let d(o) = 2*o**3 + 66*o**2 - o - 29. Determine d(-33).
4
Let o(p) = -16*p**2 - 2*p. Determine o(-2).
-60
Let x(c) = 10*c**2 - 1. Calculate x(1).
9
Let z(b) = b**3 - 16*b**2 - b + 22. Calculate z(16).
6
Let o(r) = 4*r + 10. Give o(-6).
-14
Let x(y) = y**2 + 6*y + 10. What is x(-5)?
5
Let h(f) = f**3 + 7*f**2 + 11*f + 1. Give h(-5).
-4
Let i(b) = b + 16. Give i(-9).
7
Let d(v) = v**3 - 19*v**2 + 18*v - 11. Determine d(18).
-11
Let c(l) = l**2 - 10*l - 6. What is c(8)?
-22
Let z(y) = y**2 + 42*y - 42. What is z(-43)?
1
Let p(s) = s - 10. Give p(4).
-6
Let v(a) = -4*a + 54. Give v(7).
26
Let f(l) = 19*l**3 + l**2 + 2*l. Determine f(-1).
-20
Let r(m) = -m**2 + 11*m + 3. Give r(11).
3
Let l(r) = 16*r - 83. Give l(5).
-3
Let l(d) = -28*d**3 - 2*d**2 + 1. Give l(1).
-29
Let h(u) = 18*u - 88. What is h(5)?
2
Let v(p) = p**3 + 12*p**2 + 3*p + 17. Determine v(-12).
-19
Let q(n) = -13*n**2 + 3*n + 3. Calculate q(-1).
-13
Let u(c) = c**2 + 14*c - 19. What is u(-16)?
13
Let y(z) = -11*z + 102. Determine y(11).
-19
Let f(b) = -b**3 + 19*b**2 + 24*b - 50. Give f(20).
30
Let t(d) = -d**3 - d**2 + d + 2. Calculate t(-3).
17
Let g(t) = -t**3 + 13*t**2 - t + 1. Calculate g(13).
-12
Let b(p) = p**3 + p**2 - 3*p + 3. What is b(2)?
9
Let x(p) = 3*p**2 - 3*p - 4. What is x(0)?
-4
Let c(q) = -3*q**2 - 34*q + 32. What is c(1)?
-5
Let h(d) = 2*d + 24. Give h(-10).
4
Let b(k) = 7*k - 1. What is b(1)?
6
Let b(x) = -x**3 - 15*x**2 + 2*x + 27. Give b(-15).
-3
Let r(f) = -f**3 + 9*f**2 + f - 10. Calculate r(9).
-1
Let q(y) = -y**3 - 2*y**2 + 3*y - 1. What is q(3)?
-37
Let w(c) = c**3 + 2*c**2 - c + 5. What is w(-4)?
-23
Let o(l) = 67*l**3 - l**2 + l. Calculate o(1).
67
Let a(p) = -p**3 + 2*p**2 + 2*p - 5. What is a(-4)?
83
Let a(k) = -7*k + 4. Give a(2).
-10
Let h(d) = -d**3 - 7*d**2 - 17*d - 34. Determine h(-5).
1
Let n(a) = 11*a**2. Determine n(-1).
11
Let d(k) = k**3 + 8*k**2 + 21*k + 34. Determine d(-5).
4
Let h(r) = 56*r - 1786. What is h(32)?
6
Let a(s) = -s**3 - 12*s**2 - 5*s + 5. Determine a(-11).
-61
Let p(t) = t**3 - 34*t**2 - 15*t + 506. Determine p(34).
-4
Let d(g) = 5*g + 81. What is d(-15)?
6
Let i(a) = -a**2 + 43*a + 200. Calculate i(47).
12
Let y(w) = -w**2 - 3*w + 6. Determine y(-6).
-12
Let y(g) = g**3 - 17*g**2 + 66*g + 8. Determine y(11).
8
Let k(q) = q**3 + 5*q**2 + 4*q - 2. Determine k(-4).
-2
Let q(i) = -i**2 - 6*i + 5. Calculate q(-6).
5
Let m(d) = 8*d - 8. Calculate m(2).
8
Let q(s) = 11*s - 2. Determine q(-4).
-46
Let h(f) = f - 7. Determine h(8).
1
Let k(i) = -i**3 + 9*i**2 + i + 7. Calculate k(9).
16
Let r(q) = q**2 + 26*q + 141. Calculate r(-8).
-3
Let h(r) = -5*r**2 + r - 1. Give h(1).
-5
Let n(k) = -3*k - 5. Determine n(4).
-17
Let j(n) = -n**2 - 5*n - 4. What is j(-6)?
-10
Let i(c) = -3*c**3 - 4*c**2 + 3*c. What is i(2)?
-34
Let h(k) = k**3 - 8*k**2 - 10*k - 7. Determine h(9).
-16
Let q(a) = 4*a**3 - 3*a**2 - 2*a + 4. Determine q(2).
20
Let w(j) = j - 2. Determine w(15).
13
Let l(u) = -38*u + 82. Give l(2).
6
Let o(f) = -f + 4. What is o(4)?
0
Let c(o) = -147*o + 144. Determi